 -4. Suppose -q*a = k - 176, 2*k + a + 21 = 337. List the prime factors of k.
2, 3, 13
List the prime factors of -1266*6/(-12) - -1.
2, 317
Suppose -5704*c + 26262 = -5701*c. List the prime factors of c.
2, 3, 1459
Let d(l) = l + 2. Let n be d(1). Suppose 4*i - x - 77 - 963 = 0, -n*i = -4*x - 793. Suppose -b = -8*b + i. What are the prime factors of b?
37
Let u(v) = -12 + 2 + 1 - 6*v - 23. Let p be u(-15). Suppose q - 178 + p = 0. List the prime factors of q.
2, 3, 5
Let k(p) = 2*p**3 + 11*p**2 - p + 106. List the prime factors of k(12).
2, 17, 151
What are the prime factors of -2 + 9107 + -11*(-5 - 324/(-66))?
2, 29, 157
Let c(z) be the second derivative of z**5/20 + 5*z**4/3 - 29*z**3/6 - 4*z**2 + 5*z + 1. List the prime factors of c(-21).
2, 5
Let p = 345 - 340. Suppose -24*t + 40832 = p*t. What are the prime factors of t?
2, 11
Let y be -5 - -311*-6*(-15)/10. Let i = y + -1975. List the prime factors of i.
3, 7, 13
Let w(o) = -o**3 + 40*o**2 + 49*o - 136. What are the prime factors of w(20)?
2, 3, 11, 67
List the prime factors of ((-764)/(-5))/((-4)/14 + 2684/8855).
2, 23, 191
Let j(h) = -8*h - 2. Let v be j(1). Let z(s) = s + 13. Let d be z(v). Suppose -6*l + d*l + 114 = 0. List the prime factors of l.
2, 19
Suppose -3*b = -2*z - 67, -2*b + 2*z + 38 = 4*z. Let j(w) = 2*w**2 - 13*w + 79. List the prime factors of j(b).
2, 43
Let q(t) = -33*t - 44. Let v be (0 + 30)*(-1)/2. List the prime factors of q(v).
11, 41
Let g(f) = -2*f**3 - 8*f**2 - 7*f - 5. Suppose 7*k - 20 = 11*k. List the prime factors of g(k).
2, 5
Let c(l) = 4*l + 2. Let s be c(0). Suppose -4*w + s*u + 218 = u, -u = -2. Suppose w*x - 140 = 54*x. List the prime factors of x.
2, 5, 7
Let c(x) = -x**3 + 5*x**2 - x + 4. Let r be c(3). Let g = 147 + r. List the prime factors of g.
2, 83
Let j = 9052 + -5991. List the prime factors of j.
3061
Let z = 857 + 196. Let m = 1516 - z. What are the prime factors of m?
463
Let l(i) = i**3 + 6*i**2 - 10*i - 16. Let x be l(-7). Suppose -7 - 3 = -x*y. Suppose -y*s = 2 - 104. What are the prime factors of s?
3, 17
Let l be (-2)/7 - (1381/(-7) + 7). Let h = l - -199. List the prime factors of h.
389
Let n(v) = 3*v**2 - 30*v - 25. Let p be n(13). Suppose 9*m - p = 61. List the prime factors of m.
17
Suppose 19*y - 16*y - 270 = 0. Suppose 5*w - f - y = 2*f, -2*w + 50 = -4*f. List the prime factors of w.
3, 5
Let i be ((-740)/8 - 5)/(6/(-8)). Let d = i + -126. List the prime factors of (d/(-5))/(68/(-3910)).
2, 23
Let w = 6486 - 1550. List the prime factors of w.
2, 617
Let l(u) = 85*u - 64. Let s be l(17). Suppose 0 = 3*m + 4*o - s, -m + 487 = 2*o - 6*o. List the prime factors of m.
467
Suppose k - 14175 = -3*a + 16755, -a + 10297 = -4*k. What are the prime factors of a?
13, 61
Let b(v) = 149*v**2 - 46*v - 3. List the prime factors of b(5).
2, 3, 97
Let f(j) = 2*j**2 + 141*j + 250. What are the prime factors of f(-79)?
3, 59
Let a = -358 - -431. Suppose 58*f - a*f + 12585 = 0. What are the prime factors of f?
839
Let g = 10208 + -5923. What are the prime factors of (21/2)/(g/(-330) + 13)?
3, 7, 11
Let n be ((-12)/3 - -3)*14. Let f(j) = -66*j**2 + 86 - 68 - 28*j + 64*j**2. What are the prime factors of f(n)?
2, 3
Let x = 4186 + -1437. What are the prime factors of x?
2749
Let v(w) = -w**3 - 8*w**2 + 8*w - 12. Let r be v(-9). Let j = r - -29. List the prime factors of 6896/208 + (-4)/j.
3, 11
Let s(x) = -x**2 - 4*x + 45. Let i be s(-9). Suppose -4*k - o + 856 = -i*k, -2*k - 3*o + 438 = 0. What are the prime factors of k?
3, 71
Let w(j) = 16*j**2 - 7*j**2 - 375*j + 25 - j**3 + 358*j. Let t be w(7). Let l(p) = 2*p**3 + 2*p**2 - 1. What are the prime factors of l(t)?
3, 53
Suppose -31*o - 19*o + 2276378 + 397172 = 0. What are the prime factors of o?
11, 4861
Let x(o) = o - 35. Let v(b) = b. Let n(a) = 3*v(a) - x(a). Let c be n(-15). Suppose -5 = -t - c*q + 18, -149 = -3*t + 5*q. What are the prime factors of t?
43
What are the prime factors of 716/(-6)*(960/(-25))/(4/50)?
2, 5, 179
Let u(t) = -4*t + 3. Let j be u(9). Let o = -25 - j. Let a = o + 9. List the prime factors of a.
17
Let m(r) = -1. Let k(w) = 40*w - 28. Let t(l) = -k(l) + 6*m(l). List the prime factors of t(-4).
2, 7, 13
Suppose -w = 2*z - 5, 3*w - 18 = 5*z - 36. List the prime factors of 2/6 + 3292/18*z.
3, 61
Let j = -3653 - -9345. List the prime factors of j.
2, 1423
Suppose 0 = -3*x + l + 68129, -5*x + 5*l = -67936 - 45619. List the prime factors of x.
22709
Suppose -85330 = -13*y - y. List the prime factors of y.
5, 23, 53
Let f = 5256 + 4463. List the prime factors of f.
9719
Let r(d) be the second derivative of 4*d**4/3 + d**3/2 + 2*d**2 + 20*d. What are the prime factors of r(4)?
2, 17
Suppose -5*b = 2*u - 62068, 124190 = 4*u - 331*b + 332*b. List the prime factors of u.
61, 509
Let v be (-6 + 460 + 6)*(-27)/(-4). Suppose 27*r - 18*r - v = 0. List the prime factors of r.
3, 5, 23
Suppose 26*c - 48868 = -73226 + 359186. List the prime factors of c.
2, 47, 137
Suppose 2*t - 1310 = -a, 2*t + 10*a - 1322 = 6*a. Suppose -14*w - t = -4517. What are the prime factors of w?
2, 3, 23
Suppose -v - 6105 - 4545 = 0. What are the prime factors of v/(-11) + 86/(-473)?
2, 11
Let z be -2792 + (-4)/(-6) + 15/(-9). Let m be 1/((-28)/z) - 2/(-8). Suppose -5*r = -5*l - m, -2*l - 56 = -4*r - 4*l. List the prime factors of r.
2
Suppose -206*n - 10 = -208*n. Suppose -2*y + q = 4*q - 16, y - 5*q = -n. Suppose -g = y*d - 772, d = 2*d - 3*g - 164. List the prime factors of d.
5, 31
Suppose -167456 = -12*c - 16*c - 4*c. List the prime factors of c.
5233
Suppose 12 = 3*h + 6. What are the prime factors of (460/(-16))/(h/(-48))?
2, 3, 5, 23
Let w = 5 + -22. Let r = -13 - w. Suppose 4*k - 6*k = -i + 106, r*i - 3*k - 439 = 0. List the prime factors of i.
2, 7
Let n(f) = 2*f**3 + 6*f**2 - 20*f + 22. Let j be n(7). Let i = -348 + j. What are the prime factors of i?
2, 257
Let u = -37069 - -56542. List the prime factors of u.
3, 6491
Let j(b) = b**2 + 18*b - 29. Let i be j(-23). Let n = -68 + i. Suppose n - 348 = -2*v. What are the prime factors of v?
3, 5, 11
Let a = -2565 + 6733. Suppose -a = -12*q + 4*q. List the prime factors of q.
521
Let y = -4492 + 7677. List the prime factors of y.
5, 7, 13
Let r(x) = 39*x - 84. Suppose 46 = 2*o - 2*b, -3*o + 5*b + 66 = b. What are the prime factors of r(o)?
2, 3, 5, 31
Let b = 226 - 134. Suppose -4*m + 48 = -2*m. Let t = m + b. What are the prime factors of t?
2, 29
Let u = 1563 + -593. Suppose -u = -6*b + 2786. What are the prime factors of b?
2, 313
List the prime factors of 23/(322/56) - (-49955 + 3 + 1).
5, 97, 103
Let c = 317 - 304. Suppose 1428 = -c*b + 8123. What are the prime factors of b?
5, 103
Suppose -1734 = -8*i - 8406. Let a = 2282 + i. List the prime factors of a.
2, 181
Let o(w) = -4*w + 43. Suppose 0 = 3*i + 2*z - 0*z - 4, 8 = 4*z. Let g be o(i). What are the prime factors of g*2 - (-2)/(-6)*0?
2, 43
Suppose r + 3*t - 23 = 7, -r + 22 = t. Suppose -3*h + 34 = 2*o, -h + o + 23 = 4*o. Suppose -r*g = -h*g - 510. List the prime factors of g.
3, 17
Suppose 43*k = -92948 - 6683. Let t = k - -3245. What are the prime factors of t?
2, 29
Suppose 3*b = 4*m + 15151, -4*m = 62*b - 57*b - 25177. List the prime factors of b.
71
Let v(r) = r + 281. Suppose 5*w - 2*w + 120 = 0. List the prime factors of v(w).
241
Suppose 3*k = h - 21896, 0 = -46*h + 41*h + 4*k + 109546. List the prime factors of h.
2, 10957
List the prime factors of (-8)/70*(-20)/(-24) + 371016506/15141.
2, 3, 1021
Suppose -m - 4*w = -5, 4*w + 20 + 0 = 0. Suppose -7*a + 2*a = -m. List the prime factors of 56 - a/(25/15).
53
Suppose 352 = 2*j - 5*h, 7*j - 3*h + 528 = 10*j. Let l = 106 + j. Suppose -17*i + 16*i + l = 0. What are the prime factors of i?
2, 3, 47
Let w(z) be the second derivative of 96*z**5/5 - z**4/4 + z**3/6 + z**2 - 7*z + 2. List the prime factors of w(1).
2, 3
Suppose 0 = 61*d - 330236 + 18770. What are the prime factors of d?
2, 3, 23, 37
Let q = 784 - 32. What are the prime factors of q?
2, 47
Suppose -4*p - 17297 - 15901 = -5*h, 5*p + 26562 = 4*h. List the prime factors of h.
2, 3319
Let l be (-156)/(-7) + 4/(-14). Suppose l = 2*m - a - 2*a, 4*m - 26 = -3*a. Suppose m*f = 4*f + 540. List the prime factors of f.
3, 5
Suppose 3*m = k - 20, 5*m + 25 + 10 = 2*k. Let q = k - 3. What ar